{"id":37,"date":"2015-02-05T10:36:18","date_gmt":"2015-02-05T10:36:18","guid":{"rendered":"http:\/\/demo.wpcharming.com\/construction\/?page_id=37"},"modified":"2017-12-16T23:17:04","modified_gmt":"2017-12-16T21:17:04","slug":"house-renovation","status":"publish","type":"page","link":"http:\/\/umvblowerdoor.de\/?page_id=37","title":{"rendered":"Objektbau \u2192 Wohnungsbau"},"content":{"rendered":"<section class=\"wpb-content-wrapper\"><p>[vc_row padding_top=&#8220;0&#8243; padding_bottom=&#8220;0&#8243;][vc_column][vc_single_image image=&#8220;98&#8243; img_size=&#8220;1000&#215;600&#8243;][vc_column_text]<\/p>\n\n        <style type='text\/css'>\n            #gallery-1 .gallery-item {\n                float: left;\n                text-align: center;\n                width: 20%;\n                margin-bottom:0;\n            }\n            #gallery-1 img {\n            }\n            #gallery-1 .gallery-caption {\n                margin-left: 0;\n            }\n        <\/style>\n\t\t<div id='gallery-1' class='gallery  gallery-columns-5 gallery-size-medium-thumb gallery-lightbox'><dl class='gallery-item'>\n            <dt class='gallery-icon'>\n                <a href='http:\/\/umvblowerdoor.de\/wp-content\/uploads\/2015\/02\/IMG_8381-scaled.jpg'><img width=\"600\" height=\"300\" src=\"http:\/\/umvblowerdoor.de\/wp-content\/uploads\/2015\/02\/IMG_8381-600x300.jpg\" class=\"attachment-medium-thumb size-medium-thumb\" alt=\"\" decoding=\"async\" loading=\"lazy\" srcset=\"http:\/\/umvblowerdoor.de\/wp-content\/uploads\/2015\/02\/IMG_8381-600x300.jpg 600w, http:\/\/umvblowerdoor.de\/wp-content\/uploads\/2015\/02\/IMG_8381-400x200.jpg 400w, http:\/\/umvblowerdoor.de\/wp-content\/uploads\/2015\/02\/IMG_8381-800x400.jpg 800w\" sizes=\"(max-width: 600px) 100vw, 600px\" \/><\/a>\n            <\/dt><\/dl><dl class='gallery-item'>\n            <dt class='gallery-icon'>\n                <a href='http:\/\/umvblowerdoor.de\/wp-content\/uploads\/2015\/02\/IMG_7840-Kopie-scaled.jpg'><img width=\"600\" height=\"300\" src=\"http:\/\/umvblowerdoor.de\/wp-content\/uploads\/2015\/02\/IMG_7840-Kopie-600x300.jpg\" class=\"attachment-medium-thumb size-medium-thumb\" alt=\"\" decoding=\"async\" loading=\"lazy\" srcset=\"http:\/\/umvblowerdoor.de\/wp-content\/uploads\/2015\/02\/IMG_7840-Kopie-600x300.jpg 600w, http:\/\/umvblowerdoor.de\/wp-content\/uploads\/2015\/02\/IMG_7840-Kopie-400x200.jpg 400w, http:\/\/umvblowerdoor.de\/wp-content\/uploads\/2015\/02\/IMG_7840-Kopie-800x400.jpg 800w\" sizes=\"(max-width: 600px) 100vw, 600px\" \/><\/a>\n            <\/dt><\/dl><dl class='gallery-item'>\n            <dt class='gallery-icon'>\n                <a href='http:\/\/umvblowerdoor.de\/wp-content\/uploads\/2015\/02\/IMG_8382-scaled.jpg'><img width=\"600\" height=\"300\" src=\"http:\/\/umvblowerdoor.de\/wp-content\/uploads\/2015\/02\/IMG_8382-600x300.jpg\" class=\"attachment-medium-thumb size-medium-thumb\" alt=\"\" decoding=\"async\" loading=\"lazy\" srcset=\"http:\/\/umvblowerdoor.de\/wp-content\/uploads\/2015\/02\/IMG_8382-600x300.jpg 600w, http:\/\/umvblowerdoor.de\/wp-content\/uploads\/2015\/02\/IMG_8382-400x200.jpg 400w, http:\/\/umvblowerdoor.de\/wp-content\/uploads\/2015\/02\/IMG_8382-800x400.jpg 800w\" sizes=\"(max-width: 600px) 100vw, 600px\" \/><\/a>\n            <\/dt><\/dl>\n            <div class=\"clear\"><\/div>\n        <\/div>\n\n<p>[\/vc_column_text][\/vc_column][\/vc_row][vc_row][vc_column width=&#8220;1\/2&#8243;][vc_column_text]<\/p>\n<h4>Bestandsbauten-Eigentums,-Mietswohnungen<\/h4>\n<p>Im Sommer ist es es in Ihrer Wohnung zu hei\u00df? Und im Winter k\u00fchlen sich Ihre R\u00e4ume verd\u00e4chtig schnell ab?\u00a0Diese unangenehmen Ph\u00e4nomene finden meist im Dachgeschoss einer Wohnung statt. Da die Wohnung undicht ist, str\u00f6mt die Luft zu schnell durch die Ritzen und Fugen. Aus diesem Grund wird es im Winter schnell kalt und im Sommer ist der Aufenthalt in Ihrer Wohnung vermutlich alles andere als behaglich. Diese zu schnell str\u00f6mende Luft bezeichnet man als Zugluft. Die Zugluft, welche durch Undichtigkeiten in der Geb\u00e4udeh\u00fclle von drau\u00dfen in das Geb\u00e4ude str\u00f6men, sind in der Tat sehr unangenehm. Einige Beispiele f\u00fcr Luftverluste sind Fehler an der Dampfbremse, nicht ausreichend abgedichtete Steckdosen oder unjustierte Fenster, sowohl im Erd-, als auch im Dachgeschoss. Durch diese sog. Konvektions-Verluste entstehen enorme Verluste an Heizenergie. Diese Verluste aus L\u00fcftung\/Konvektion bilden meist mehr als 50% der gesamten Verluste an W\u00e4rme. Zu einem gesunden L\u00fcftungsverhalten eines Wohnobjektes ist der 1 bis 3-maliger Luftwechsel \/h\u00a0in Ihrem Appartment\/ Wohnung einkalkuliert und gewollt. Alles was dar\u00fcber hinaus an Luftwechsel stattfindet, \u00a0ist zuviel und dementsprechend mit W\u00e4rmeverlusten zu verbinden und bedarf somit einer Sanierung. \u00a0F\u00fcr Sie als Mieter oder Eigent\u00fcmer einer Wohnung ermitteln wir die aktuelle Luftwechselrate und lokalisieren m\u00f6gliche Leckagestellen in der Geb\u00e4udeh\u00fclle.<\/p>\n<p>[\/vc_column_text][vc_column_text]<\/p>\n<h4>Wohnungs-Neubau<\/h4>\n<p>Der BlowerDoor Test kann bereits im Bauzustand eines Neubaus als Qualit\u00e4tspr\u00fcfung durchgef\u00fchrt werden. Mit unserem Messsystem sind wir in der Lage, neugebaute Mietsh\u00e4user aller Gr\u00f6\u00dfenverh\u00e4ltnisse auf ihre Luftdichtheit zu pr\u00fcfen. Dabei\u00a0wird jede Wohnung pr\u00e4ventiv auf m\u00f6gliche Lufteintrittsstellen gepr\u00fcft, unabh\u00e4ngig von der Anzahl der sich im Objekt befindlichen Wohnungen. Wir dokumentieren f\u00fcr Sie, \u00a0ob beispielsweise der luftdichte Anschluss der Fenster oder des Daches richtig ausgef\u00fchrt ist. [\/vc_column_text][vc_accordion][vc_accordion_tab title=&#8220;Was wird gemacht?&#8220;][vc_column_text]<\/p>\n<p>Der BlowerDoor Test ist ein Differenzdruck-Messverfahren, bei dem ermittelt wird, wie hoch die Wechselrate der Luft bei 50 Pascal Luftdruckdifferenz zwischen innen und au\u00dfen in einem Geb\u00e4ude, bei geschlossenen Fenstern und T\u00fcren, ist. Dabei wird ein eigens daf\u00fcr konstruierter Ventilator, der mit einer luftundurchl\u00e4ssigen Plane umgeben ist, in eine T\u00fcr\u00f6ffnung eingesetzt.[\/vc_column_text][\/vc_accordion_tab][vc_accordion_tab title=&#8220;BlowerDoor Test Schritt 1:&#8220;][vc_column_text]<\/p>\n<p>Der Ventilator erzeugt einen konstanten Unterdruck im ganzen Geb\u00e4ude, indem die Maschine Luft aus dem Haus saugt. Jetzt k\u00f6nnen wir alle undichten\u00a0Bereiche mittels Luftgeschwindigkeitsmessger\u00e4t, k\u00fcnstlichem Rauch oder einer Infrarotkamera ermitteln und dokumentieren.<\/p>\n<p>[\/vc_column_text][\/vc_accordion_tab][vc_accordion_tab title=&#8220;BlowerDoor Test Schritt 2:&#8220;][vc_column_text]<\/p>\n<p>\u00dcber den Ventilator wird der Unterdruck schrittweise aufgebaut. Dabei wird gemessen, wie schnell die Luft durch m\u00f6gliche Leckagen in das Haus dringt.\u00a0Hierbei sprechen wir von der so genannten Luftwechselrate.<\/p>\n<p>[\/vc_column_text][\/vc_accordion_tab][vc_accordion_tab title=&#8220;BlowerDoor Test Schritt 3:&#8220;][vc_column_text]<\/p>\n<p>\u00dcber den Ventilator wird jetzt Luft in das Geb\u00e4ude hineingeblasen. Dadurch entsteht ein \u00dcberdruck. Auch hier wird die Luftwechselrate schrittweise gemessen und vom Messsystem aufgezeichnet.<\/p>\n<p>Nach der abgeschlossenen Messung resultiert daraus eine durchschnittliche Luftwechselrate pro Stunde. \u00dcber die nun ermittelte Luftwechselrate, k\u00f6nnen wir die Gesamtleckage der Geb\u00e4udeh\u00fclle absch\u00e4tzen.<\/p>\n<p>[\/vc_column_text][\/vc_accordion_tab][vc_accordion_tab][\/vc_accordion_tab][\/vc_accordion][vc_custom_heading text=&#8220;Unserer Pr\u00fcfzertifikat ist auch f\u00fcr einen Laien verst\u00e4ndlich!&#8220; font_container=&#8220;tag:h2|text_align:center&#8220; google_fonts=&#8220;font_family:Hind%3A300%2Cregular%2C500%2C600%2C700|font_style:400%20regular%3A400%3Anormal&#8220;][vc_single_image image=&#8220;4053&#8243; img_size=&#8220;full&#8220; alignment=&#8220;center&#8220; css_animation=&#8220;appear&#8220;][\/vc_column][vc_column width=&#8220;1\/2&#8243;][vc_column_text]<\/p>\n<h4>Welche Vorbereitungen sind n\u00f6tig?<\/h4>\n<p>Vor dem Test werden Angaben \u00fcber die Bezugsgr\u00f6\u00dfen des Hauses ben\u00f6tigt.\u00a0Stellen Sie uns daher noch beim Vorgespr\u00e4ch den Energieausweis, Pl\u00e4ne oder Bauzeichnungen des zu untersuchenden\u00a0Objektes zur Verf\u00fcgung. Aus diesen Unterlagen, ermitteln wir die Netto-Grundfl\u00e4che und das Luftvolumen des Geb\u00e4udes.<\/p>\n<p>Am Tag der Luftdichtheitspr\u00fcfung werden alle \u00d6ffnungen, wie zum Beispiel Abfl\u00fcsse ohne Siphon, Leerrohre, Boden\u00f6ffnungen, Kamin\u00f6ffnungen, Wanddurchf\u00fchrungen usw. von unserem Techniker\u00a0tempor\u00e4r verschlossen.[\/vc_column_text][vc_column_text]<\/p>\n<h4>Vorteile eines nahezu dichtem Objektes<\/h4>\n<ul>\n<li><strong>Vermeidung von Schimmel und Bausch\u00e4den<\/strong><br \/>\nUndichte Stellen in der Geb\u00e4udeh\u00fclle f\u00f6rdern die Entstehung von Kondenswasser, die Durchfeuchtung von D\u00e4mmschichten und somit Bildung von Feuchtesch\u00e4den und Schimmel.<\/li>\n<li><strong>Vermeidung von W\u00e4rmeverlusten<\/strong><br \/>\nDurch undichte Stellen in der Geb\u00e4udeh\u00fclle gelangt Heizenergie ungenutzt in die Umwelt. Ist das Geb\u00e4ude dicht, bleibt die W\u00e4rme im Haus \u2013 das reduziert die j\u00e4hrlichen Heizkosten erheblich.<\/li>\n<li><strong>Vermeidung von Zugluft<\/strong><br \/>\nUndichte Stellen in der Geb\u00e4udeh\u00fclle sorgen f\u00fcr die Einschr\u00e4nkung des Wohnkomforts.<\/li>\n<\/ul>\n<p>[\/vc_column_text][vc_column_text]<\/p>\n<h4>Erl\u00e4uterung der Grenzwerte<\/h4>\n<p>Bei einer BlowerDoor Messung nach DIN EN 13829 f\u00fcr die Energieeinsparverordnung (EnEV) d\u00fcrfen folgende Werte der Luftwechselrate bei 50 Pascal d\u00fcrfen nicht \u00fcberschritten werden:<\/p>\n<pre><span style=\"color: #008000; font-family: tahoma, arial, helvetica, sans-serif;\"><span style=\"color: #000000;\">Geb\u00e4ude <strong>Ohne <\/strong>Raumlufttechnische Anlagen: <\/span>\r\n\u2192\u00a0n50 Wert: <strong>\u2264 3,0\u00a0<strong>(1\/h)<\/strong><\/strong><\/span><\/pre>\n<pre><span style=\"color: #008000; font-family: tahoma, arial, helvetica, sans-serif;\"><span style=\"color: #000000;\">Geb\u00e4ude <strong>mit <\/strong>Raumlufttechnischen Anlagen:<\/span>\r\n\u2192 n50 Wert: <strong>\u2264 1,5 (1\/h)<\/strong><\/span><\/pre>\n<p>[\/vc_column_text][\/vc_column][\/vc_row][vc_row][vc_column][vc_column_text]<\/p>\n<h4>[vc_column width=&#8220;1\/1&#8243;]\n\t<div class=\"custom-heading wpb_content_element \">\n\t\t<h2 class=\"heading-title\" >Wir freuen uns auf Ihre Anfrage!<\/h2>\n\t\t<span class=\"heading-line primary\"><\/span>\n\t<\/div><\/h4>\n<p>[\/vc_column_text][vc_single_image image=&#8220;3329&#8243; img_size=&#8220;large&#8220; alignment=&#8220;right&#8220; css_animation=&#8220;right-to-left&#8220;][\/vc_column][\/vc_row]<\/p>\n<\/section>","protected":false},"excerpt":{"rendered":"<p>Auch die Energieeffizienz einer Eigentumswohnung wird zunehmend wichtiger.<br \/>\nJe nach Anforderung, sind wir in der Lage, ganze Wohnkomplexe oder einzelne Wohnungen separat von einander zu pr\u00fcfen. <\/p>\n","protected":false},"author":1,"featured_media":2060,"parent":17,"menu_order":0,"comment_status":"open","ping_status":"open","template":"","meta":[],"yoast_head":"<!-- This site is optimized with the Yoast SEO plugin v21.1 - https:\/\/yoast.com\/wordpress\/plugins\/seo\/ -->\n<title>Objektbau \u2192 Wohnungsbau - UMV BlowerDoor Messungen GmbH<\/title>\n<meta name=\"robots\" content=\"index, follow, max-snippet:-1, max-image-preview:large, max-video-preview:-1\" \/>\n<link rel=\"canonical\" href=\"http:\/\/umvblowerdoor.de\/?page_id=37\" \/>\n<meta property=\"og:locale\" content=\"de_DE\" \/>\n<meta property=\"og:type\" content=\"article\" \/>\n<meta property=\"og:title\" content=\"Objektbau \u2192 Wohnungsbau - UMV BlowerDoor Messungen GmbH\" \/>\n<meta property=\"og:description\" content=\"Auch die Energieeffizienz einer Eigentumswohnung wird zunehmend wichtiger.  Je nach Anforderung, sind wir in der Lage, ganze Wohnkomplexe oder einzelne Wohnungen separat von einander zu pr\u00fcfen.\" \/>\n<meta property=\"og:url\" content=\"http:\/\/umvblowerdoor.de\/?page_id=37\" \/>\n<meta property=\"og:site_name\" content=\"UMV BlowerDoor Messungen GmbH\" \/>\n<meta property=\"article:modified_time\" content=\"2017-12-16T21:17:04+00:00\" \/>\n<meta property=\"og:image\" content=\"http:\/\/umvblowerdoor.de\/wp-content\/uploads\/2015\/02\/Wohnungsbau.jpg\" \/>\n\t<meta property=\"og:image:width\" content=\"900\" \/>\n\t<meta property=\"og:image:height\" content=\"600\" \/>\n\t<meta property=\"og:image:type\" content=\"image\/jpeg\" \/>\n<meta name=\"twitter:card\" content=\"summary_large_image\" \/>\n<meta name=\"twitter:label1\" content=\"Gesch\u00e4tzte Lesezeit\" \/>\n\t<meta name=\"twitter:data1\" content=\"5\u00a0Minuten\" \/>\n<script type=\"application\/ld+json\" class=\"yoast-schema-graph\">{\"@context\":\"https:\/\/schema.org\",\"@graph\":[{\"@type\":\"WebPage\",\"@id\":\"http:\/\/umvblowerdoor.de\/?page_id=37\",\"url\":\"http:\/\/umvblowerdoor.de\/?page_id=37\",\"name\":\"Objektbau \u2192 Wohnungsbau - UMV BlowerDoor Messungen GmbH\",\"isPartOf\":{\"@id\":\"http:\/\/umvblowerdoor.de\/#website\"},\"datePublished\":\"2015-02-05T10:36:18+00:00\",\"dateModified\":\"2017-12-16T21:17:04+00:00\",\"breadcrumb\":{\"@id\":\"http:\/\/umvblowerdoor.de\/?page_id=37#breadcrumb\"},\"inLanguage\":\"de\",\"potentialAction\":[{\"@type\":\"ReadAction\",\"target\":[\"http:\/\/umvblowerdoor.de\/?page_id=37\"]}]},{\"@type\":\"BreadcrumbList\",\"@id\":\"http:\/\/umvblowerdoor.de\/?page_id=37#breadcrumb\",\"itemListElement\":[{\"@type\":\"ListItem\",\"position\":1,\"name\":\"Startseite\",\"item\":\"http:\/\/umvblowerdoor.de\/\"},{\"@type\":\"ListItem\",\"position\":2,\"name\":\"Unser Einsatzbereich\",\"item\":\"http:\/\/umvblowerdoor.de\/?page_id=17\"},{\"@type\":\"ListItem\",\"position\":3,\"name\":\"Objektbau \u2192 Wohnungsbau\"}]},{\"@type\":\"WebSite\",\"@id\":\"http:\/\/umvblowerdoor.de\/#website\",\"url\":\"http:\/\/umvblowerdoor.de\/\",\"name\":\"UMV BlowerDoor Messungen GmbH\",\"description\":\"Service mit Sicherheit \u00a9\",\"potentialAction\":[{\"@type\":\"SearchAction\",\"target\":{\"@type\":\"EntryPoint\",\"urlTemplate\":\"http:\/\/umvblowerdoor.de\/?s={search_term_string}\"},\"query-input\":\"required name=search_term_string\"}],\"inLanguage\":\"de\"}]}<\/script>\n<!-- \/ Yoast SEO plugin. -->","yoast_head_json":{"title":"Objektbau \u2192 Wohnungsbau - UMV BlowerDoor Messungen GmbH","robots":{"index":"index","follow":"follow","max-snippet":"max-snippet:-1","max-image-preview":"max-image-preview:large","max-video-preview":"max-video-preview:-1"},"canonical":"http:\/\/umvblowerdoor.de\/?page_id=37","og_locale":"de_DE","og_type":"article","og_title":"Objektbau \u2192 Wohnungsbau - UMV BlowerDoor Messungen GmbH","og_description":"Auch die Energieeffizienz einer Eigentumswohnung wird zunehmend wichtiger.  Je nach Anforderung, sind wir in der Lage, ganze Wohnkomplexe oder einzelne Wohnungen separat von einander zu pr\u00fcfen.","og_url":"http:\/\/umvblowerdoor.de\/?page_id=37","og_site_name":"UMV BlowerDoor Messungen GmbH","article_modified_time":"2017-12-16T21:17:04+00:00","og_image":[{"width":900,"height":600,"url":"http:\/\/umvblowerdoor.de\/wp-content\/uploads\/2015\/02\/Wohnungsbau.jpg","type":"image\/jpeg"}],"twitter_card":"summary_large_image","twitter_misc":{"Gesch\u00e4tzte Lesezeit":"5\u00a0Minuten"},"schema":{"@context":"https:\/\/schema.org","@graph":[{"@type":"WebPage","@id":"http:\/\/umvblowerdoor.de\/?page_id=37","url":"http:\/\/umvblowerdoor.de\/?page_id=37","name":"Objektbau \u2192 Wohnungsbau - UMV BlowerDoor Messungen GmbH","isPartOf":{"@id":"http:\/\/umvblowerdoor.de\/#website"},"datePublished":"2015-02-05T10:36:18+00:00","dateModified":"2017-12-16T21:17:04+00:00","breadcrumb":{"@id":"http:\/\/umvblowerdoor.de\/?page_id=37#breadcrumb"},"inLanguage":"de","potentialAction":[{"@type":"ReadAction","target":["http:\/\/umvblowerdoor.de\/?page_id=37"]}]},{"@type":"BreadcrumbList","@id":"http:\/\/umvblowerdoor.de\/?page_id=37#breadcrumb","itemListElement":[{"@type":"ListItem","position":1,"name":"Startseite","item":"http:\/\/umvblowerdoor.de\/"},{"@type":"ListItem","position":2,"name":"Unser Einsatzbereich","item":"http:\/\/umvblowerdoor.de\/?page_id=17"},{"@type":"ListItem","position":3,"name":"Objektbau \u2192 Wohnungsbau"}]},{"@type":"WebSite","@id":"http:\/\/umvblowerdoor.de\/#website","url":"http:\/\/umvblowerdoor.de\/","name":"UMV BlowerDoor Messungen GmbH","description":"Service mit Sicherheit \u00a9","potentialAction":[{"@type":"SearchAction","target":{"@type":"EntryPoint","urlTemplate":"http:\/\/umvblowerdoor.de\/?s={search_term_string}"},"query-input":"required name=search_term_string"}],"inLanguage":"de"}]}},"_links":{"self":[{"href":"http:\/\/umvblowerdoor.de\/index.php?rest_route=\/wp\/v2\/pages\/37"}],"collection":[{"href":"http:\/\/umvblowerdoor.de\/index.php?rest_route=\/wp\/v2\/pages"}],"about":[{"href":"http:\/\/umvblowerdoor.de\/index.php?rest_route=\/wp\/v2\/types\/page"}],"author":[{"embeddable":true,"href":"http:\/\/umvblowerdoor.de\/index.php?rest_route=\/wp\/v2\/users\/1"}],"replies":[{"embeddable":true,"href":"http:\/\/umvblowerdoor.de\/index.php?rest_route=%2Fwp%2Fv2%2Fcomments&post=37"}],"version-history":[{"count":35,"href":"http:\/\/umvblowerdoor.de\/index.php?rest_route=\/wp\/v2\/pages\/37\/revisions"}],"predecessor-version":[{"id":4677,"href":"http:\/\/umvblowerdoor.de\/index.php?rest_route=\/wp\/v2\/pages\/37\/revisions\/4677"}],"up":[{"embeddable":true,"href":"http:\/\/umvblowerdoor.de\/index.php?rest_route=\/wp\/v2\/pages\/17"}],"wp:featuredmedia":[{"embeddable":true,"href":"http:\/\/umvblowerdoor.de\/index.php?rest_route=\/wp\/v2\/media\/2060"}],"wp:attachment":[{"href":"http:\/\/umvblowerdoor.de\/index.php?rest_route=%2Fwp%2Fv2%2Fmedia&parent=37"}],"curies":[{"name":"wp","href":"https:\/\/api.w.org\/{rel}","templated":true}]}}