{"id":3526,"date":"2017-02-12T15:49:36","date_gmt":"2017-02-12T13:49:36","guid":{"rendered":"http:\/\/www.umvblowerdoor.de\/?page_id=3526"},"modified":"2017-08-20T10:49:40","modified_gmt":"2017-08-20T08:49:40","slug":"schutzdruckmessung","status":"publish","type":"page","link":"http:\/\/umvblowerdoor.de\/?page_id=3526","title":{"rendered":"Schutzdruckmessung"},"content":{"rendered":"<section class=\"wpb-content-wrapper\"><p>[vc_row][vc_column][\/vc_column][\/vc_row][vc_row][vc_column width=&#8220;5\/6&#8243;][vc_column_text]<\/p>\n<h4>\n\t<div class=\"custom-heading wpb_content_element \">\n\t\t<h2 class=\"heading-title\" >Wieso Guard-Zone (Schutzdruck) Messung?<\/h2>\n\t\t<span class=\"heading-line primary\"><\/span>\n\t<\/div><\/h4>\n<p>[\/vc_column_text][vc_column_text]Bei einer Standard Blower-Door Luftdurchl\u00e4ssigkeitsmessung, werden Luftstr\u00f6me z.B. von einer Doppelhaush\u00e4lfte in die andere eingesaugt und vom Messsystem als Leckage an der Geb\u00e4udeh\u00fclle gewertet. Dadurch wird die Vorgabe der zu ermittelnden Luftwechselrate entweder nicht erreicht\u00a0oder der Wert wird verf\u00e4lscht.<\/p>\n<p>Die sogenannte Schutzdruck-Messmethode wenden wir dann an, wenn zwei oder mehrere zu untersuchende Objekte einen Luftverbund aufweisen. \u00a0Zu dieser Kategorie z\u00e4hlen Doppelh\u00e4user und einzelne Wohnungen in einem Mehrfamilienhaus. \u00a0Das\u00a0Messverfahren, liefert Informationen \u00fcber die Luftdurchl\u00e4ssigkeit einzelner Bereiche\/Bauteile und ist somit sehr sinnvoll aber auch notwendig.<\/p>\n<p><strong>Gegen\u00fcber zum Standard Test, \u00a0ist diese erweiterte Messanwendung aufw\u00e4ndiger, \u00a0da gleichzeitig zwei\u00a0Messsysteme\u00a0parallel installiert und zusammengeschalten werden. \u00a0Eine im Vorfeld sorgf\u00e4ltige Planung und die Ber\u00fccksichtigung aller,\u00a0mit dem Luftdichtheitskonzept stehenden Gegebenheiten vor\u00a0<\/strong><b>Ort, ist ein wichtiger\u00a0Bestandteil einer pr\u00e4zisen Blower-Door Schutzdruck-Messung.\u00a0<\/b>[\/vc_column_text][\/vc_column][\/vc_row][vc_row row_type=&#8220;row_full_center_content&#8220; bg_image=&#8220;3560&#8243; row_parallax=&#8220;false&#8220; row_text_color=&#8220;row_text_light&#8220; padding_top=&#8220;150&#8243; padding_bottom=&#8220;150&#8243;][vc_column width=&#8220;1\/2&#8243;][vc_column_text css_animation=&#8220;appear&#8220;]<\/p>\n<h1><span style=\"color: #333333;\">Luftverbund?\u00a0<\/span><span style=\"color: #00ffff;\">\u21b9 <span style=\"color: #333333;\">K<\/span><\/span><span style=\"color: #333333;\">ein Problem!\u00a0<\/span><\/h1>\n<h1><span style=\"font-family: arial, helvetica, sans-serif; color: #333333;\">Mit Hilfe einer Guard-Zone (Schutzdruck) Messung!<\/span><\/h1>\n<p>[\/vc_column_text][\/vc_column][vc_column width=&#8220;1\/2&#8243;][\/vc_column][\/vc_row][vc_row bg_position=&#8220;right top&#8220;][vc_column width=&#8220;1\/2&#8243;][vc_column_text][\/vc_column_text][vc_accordion][vc_accordion_tab title=&#8220;Was wird gemacht?&#8220;][vc_column_text]Die Guard-Zone Methode ist ein Messverfahren, welches Informationen \u00fcber die Luftdurchl\u00e4ssigkeit einzelner Bereiche und Elemente die einen gemeinsamen Luftverbund aufweisen, \u00a0liefert.[\/vc_column_text][\/vc_accordion_tab][vc_accordion_tab title=&#8220;Schutzdruckmessung Schritt 1:&#8220;][vc_column_text]Um den betrachteten Raum, bzw. die betrachtete Wohnung wird mit dem Geb\u00e4udeventilator = Ventilator 1, ein Schutzdruck aufgebaut.<\/p>\n<p>In der Zugangst\u00fcr zum untersuchenden Geb\u00e4udeteil wird das zweite Messsystem (Zonenventilator = Ventilator 2) installiert.[\/vc_column_text][\/vc_accordion_tab][vc_accordion_tab title=&#8220;Schutzdruckmessung Schritt 2:&#8220;][vc_column_text]Beide Systeme werden nun so betrieben, dass die Druckdifferenz zwischen Raum und umgebener Schutzzone immer Null bzw. nahe Null ist. Dies bedeutet, dass keine Luft \u00fcber die trennenden Bauteile zwischen Raum und der Schutzzone ausgetauscht wird.[\/vc_column_text][\/vc_accordion_tab][vc_accordion_tab title=&#8220;Schutzdruckmessung Schritt 3:&#8220;][vc_column_text]\u00dcber den Ventilator 2 wird der Unterdruck schrittweise aufgebaut. Dabei wird gemessen, wie schnell die Luft durch m\u00f6gliche Leckagen durch die Geb\u00e4udeh\u00fclle durch dringt.\u00a0Hierbei sprechen wir von der so genannten Luftwechselrate.<\/p>\n<p>F\u00fcr eine bessere\u00a0Bewertung der Luftdichtheit, \u00a0wird jetzt Luft in das Geb\u00e4ude hineingeblasen, dadurch entsteht ein \u00dcberdruck. Auch hier wird die Luftwechselrate schrittweise gemessen und vom Messsystem aufgezeichnet.<\/p>\n<p><span style=\"color: #008000;\">Nach der abgeschlossenen Messung resultiert sich eine durchschnittliche Luftwechselrate pro Stunde. \u00dcber die nun ermittelte Luftwechselrate, k\u00f6nnen wir die Gesamtleckage der Geb\u00e4udeh\u00fclle absch\u00e4tzen.<\/span>[\/vc_column_text][\/vc_accordion_tab][\/vc_accordion][vc_column_text]<\/p>\n<h1><\/h1>\n<h4>Ihre Messanfrage k\u00f6nnen Sie gerne \u00fcber unser<span style=\"color: #ff0000;\">\u00a0<a style=\"color: #ff0000;\" href=\"http:\/\/www.umvblowerdoor.de\/?page_id=25\">Kontaktformular<\/a><\/span>,\u00a0per E-Mail oder telefonisch an uns richten.<\/h4>\n<h3><\/h3>\n<h3>\n\t<div class=\"custom-heading wpb_content_element \">\n\t\t<h2 class=\"heading-title\" >Wir freuen uns auf Sie!<\/h2>\n\t\t<span class=\"heading-line primary\"><\/span>\n\t<\/div><\/h3>\n<p>[\/vc_column_text][\/vc_column][vc_column width=&#8220;1\/2&#8243;][vc_single_image image=&#8220;3589&#8243; img_size=&#8220;550&#215;480&#8243; alignment=&#8220;center&#8220;][\/vc_column][\/vc_row][vc_column width=&#8220;2\/3&#8243;][\/vc_column]<\/p>\n<\/section>","protected":false},"excerpt":{"rendered":"<p>[vc_row][vc_column][\/vc_column][\/vc_row][vc_row][vc_column width=&#8220;5\/6&#8243;][vc_column_text] [\/vc_column_text][vc_column_text]Bei einer Standard Blower-Door Luftdurchl\u00e4ssigkeitsmessung, werden Luftstr\u00f6me z.B. von einer Doppelhaush\u00e4lfte in die andere eingesaugt und vom Messsystem als &#8230;<\/p>\n","protected":false},"author":1,"featured_media":3560,"parent":3893,"menu_order":0,"comment_status":"closed","ping_status":"closed","template":"","meta":[],"yoast_head":"<!-- This site is optimized with the Yoast SEO plugin v21.1 - https:\/\/yoast.com\/wordpress\/plugins\/seo\/ -->\n<title>Schutzdruckmessung - UMV BlowerDoor Messungen GmbH<\/title>\n<meta name=\"robots\" content=\"index, follow, max-snippet:-1, max-image-preview:large, max-video-preview:-1\" \/>\n<link rel=\"canonical\" href=\"http:\/\/umvblowerdoor.de\/?page_id=3526\" \/>\n<meta property=\"og:locale\" content=\"de_DE\" \/>\n<meta property=\"og:type\" content=\"article\" \/>\n<meta property=\"og:title\" content=\"Schutzdruckmessung - UMV BlowerDoor Messungen GmbH\" \/>\n<meta property=\"og:description\" content=\"[vc_row][vc_column][\/vc_column][\/vc_row][vc_row][vc_column width=&#8220;5\/6&#8243;][vc_column_text] [\/vc_column_text][vc_column_text]Bei einer Standard Blower-Door Luftdurchl\u00e4ssigkeitsmessung, werden Luftstr\u00f6me z.B. von einer Doppelhaush\u00e4lfte in die andere eingesaugt und vom Messsystem als ...\" \/>\n<meta property=\"og:url\" content=\"http:\/\/umvblowerdoor.de\/?page_id=3526\" \/>\n<meta property=\"og:site_name\" content=\"UMV BlowerDoor Messungen GmbH\" \/>\n<meta property=\"article:modified_time\" content=\"2017-08-20T08:49:40+00:00\" \/>\n<meta property=\"og:image\" content=\"http:\/\/umvblowerdoor.de\/wp-content\/uploads\/2017\/02\/Schutzdruck4-1-1024x617.png\" \/>\n\t<meta property=\"og:image:width\" content=\"1024\" \/>\n\t<meta property=\"og:image:height\" content=\"617\" \/>\n\t<meta property=\"og:image:type\" content=\"image\/png\" \/>\n<meta name=\"twitter:card\" content=\"summary_large_image\" \/>\n<meta name=\"twitter:label1\" content=\"Gesch\u00e4tzte Lesezeit\" \/>\n\t<meta name=\"twitter:data1\" content=\"3\u00a0Minuten\" \/>\n<script type=\"application\/ld+json\" class=\"yoast-schema-graph\">{\"@context\":\"https:\/\/schema.org\",\"@graph\":[{\"@type\":\"WebPage\",\"@id\":\"http:\/\/umvblowerdoor.de\/?page_id=3526\",\"url\":\"http:\/\/umvblowerdoor.de\/?page_id=3526\",\"name\":\"Schutzdruckmessung - UMV BlowerDoor Messungen GmbH\",\"isPartOf\":{\"@id\":\"http:\/\/umvblowerdoor.de\/#website\"},\"datePublished\":\"2017-02-12T13:49:36+00:00\",\"dateModified\":\"2017-08-20T08:49:40+00:00\",\"breadcrumb\":{\"@id\":\"http:\/\/umvblowerdoor.de\/?page_id=3526#breadcrumb\"},\"inLanguage\":\"de\",\"potentialAction\":[{\"@type\":\"ReadAction\",\"target\":[\"http:\/\/umvblowerdoor.de\/?page_id=3526\"]}]},{\"@type\":\"BreadcrumbList\",\"@id\":\"http:\/\/umvblowerdoor.de\/?page_id=3526#breadcrumb\",\"itemListElement\":[{\"@type\":\"ListItem\",\"position\":1,\"name\":\"Startseite\",\"item\":\"http:\/\/umvblowerdoor.de\/\"},{\"@type\":\"ListItem\",\"position\":2,\"name\":\"Weitere Leistungen\",\"item\":\"http:\/\/umvblowerdoor.de\/?page_id=3893\"},{\"@type\":\"ListItem\",\"position\":3,\"name\":\"Schutzdruckmessung\"}]},{\"@type\":\"WebSite\",\"@id\":\"http:\/\/umvblowerdoor.de\/#website\",\"url\":\"http:\/\/umvblowerdoor.de\/\",\"name\":\"UMV BlowerDoor Messungen GmbH\",\"description\":\"Service mit Sicherheit \u00a9\",\"potentialAction\":[{\"@type\":\"SearchAction\",\"target\":{\"@type\":\"EntryPoint\",\"urlTemplate\":\"http:\/\/umvblowerdoor.de\/?s={search_term_string}\"},\"query-input\":\"required name=search_term_string\"}],\"inLanguage\":\"de\"}]}<\/script>\n<!-- \/ Yoast SEO plugin. -->","yoast_head_json":{"title":"Schutzdruckmessung - UMV BlowerDoor Messungen GmbH","robots":{"index":"index","follow":"follow","max-snippet":"max-snippet:-1","max-image-preview":"max-image-preview:large","max-video-preview":"max-video-preview:-1"},"canonical":"http:\/\/umvblowerdoor.de\/?page_id=3526","og_locale":"de_DE","og_type":"article","og_title":"Schutzdruckmessung - UMV BlowerDoor Messungen GmbH","og_description":"[vc_row][vc_column][\/vc_column][\/vc_row][vc_row][vc_column width=&#8220;5\/6&#8243;][vc_column_text] [\/vc_column_text][vc_column_text]Bei einer Standard Blower-Door Luftdurchl\u00e4ssigkeitsmessung, werden Luftstr\u00f6me z.B. von einer Doppelhaush\u00e4lfte in die andere eingesaugt und vom Messsystem als ...","og_url":"http:\/\/umvblowerdoor.de\/?page_id=3526","og_site_name":"UMV BlowerDoor Messungen GmbH","article_modified_time":"2017-08-20T08:49:40+00:00","og_image":[{"width":1024,"height":617,"url":"http:\/\/umvblowerdoor.de\/wp-content\/uploads\/2017\/02\/Schutzdruck4-1-1024x617.png","type":"image\/png"}],"twitter_card":"summary_large_image","twitter_misc":{"Gesch\u00e4tzte Lesezeit":"3\u00a0Minuten"},"schema":{"@context":"https:\/\/schema.org","@graph":[{"@type":"WebPage","@id":"http:\/\/umvblowerdoor.de\/?page_id=3526","url":"http:\/\/umvblowerdoor.de\/?page_id=3526","name":"Schutzdruckmessung - UMV BlowerDoor Messungen GmbH","isPartOf":{"@id":"http:\/\/umvblowerdoor.de\/#website"},"datePublished":"2017-02-12T13:49:36+00:00","dateModified":"2017-08-20T08:49:40+00:00","breadcrumb":{"@id":"http:\/\/umvblowerdoor.de\/?page_id=3526#breadcrumb"},"inLanguage":"de","potentialAction":[{"@type":"ReadAction","target":["http:\/\/umvblowerdoor.de\/?page_id=3526"]}]},{"@type":"BreadcrumbList","@id":"http:\/\/umvblowerdoor.de\/?page_id=3526#breadcrumb","itemListElement":[{"@type":"ListItem","position":1,"name":"Startseite","item":"http:\/\/umvblowerdoor.de\/"},{"@type":"ListItem","position":2,"name":"Weitere Leistungen","item":"http:\/\/umvblowerdoor.de\/?page_id=3893"},{"@type":"ListItem","position":3,"name":"Schutzdruckmessung"}]},{"@type":"WebSite","@id":"http:\/\/umvblowerdoor.de\/#website","url":"http:\/\/umvblowerdoor.de\/","name":"UMV BlowerDoor Messungen GmbH","description":"Service mit Sicherheit \u00a9","potentialAction":[{"@type":"SearchAction","target":{"@type":"EntryPoint","urlTemplate":"http:\/\/umvblowerdoor.de\/?s={search_term_string}"},"query-input":"required name=search_term_string"}],"inLanguage":"de"}]}},"_links":{"self":[{"href":"http:\/\/umvblowerdoor.de\/index.php?rest_route=\/wp\/v2\/pages\/3526"}],"collection":[{"href":"http:\/\/umvblowerdoor.de\/index.php?rest_route=\/wp\/v2\/pages"}],"about":[{"href":"http:\/\/umvblowerdoor.de\/index.php?rest_route=\/wp\/v2\/types\/page"}],"author":[{"embeddable":true,"href":"http:\/\/umvblowerdoor.de\/index.php?rest_route=\/wp\/v2\/users\/1"}],"replies":[{"embeddable":true,"href":"http:\/\/umvblowerdoor.de\/index.php?rest_route=%2Fwp%2Fv2%2Fcomments&post=3526"}],"version-history":[{"count":93,"href":"http:\/\/umvblowerdoor.de\/index.php?rest_route=\/wp\/v2\/pages\/3526\/revisions"}],"predecessor-version":[{"id":3836,"href":"http:\/\/umvblowerdoor.de\/index.php?rest_route=\/wp\/v2\/pages\/3526\/revisions\/3836"}],"up":[{"embeddable":true,"href":"http:\/\/umvblowerdoor.de\/index.php?rest_route=\/wp\/v2\/pages\/3893"}],"wp:featuredmedia":[{"embeddable":true,"href":"http:\/\/umvblowerdoor.de\/index.php?rest_route=\/wp\/v2\/media\/3560"}],"wp:attachment":[{"href":"http:\/\/umvblowerdoor.de\/index.php?rest_route=%2Fwp%2Fv2%2Fmedia&parent=3526"}],"curies":[{"name":"wp","href":"https:\/\/api.w.org\/{rel}","templated":true}]}}