{"id":17,"date":"2015-02-05T10:21:11","date_gmt":"2015-02-05T10:21:11","guid":{"rendered":"http:\/\/demo.wpcharming.com\/construction\/?page_id=17"},"modified":"2022-12-25T23:01:04","modified_gmt":"2022-12-25T21:01:04","slug":"our-services","status":"publish","type":"page","link":"http:\/\/umvblowerdoor.de\/?page_id=17","title":{"rendered":"Unser Einsatzbereich"},"content":{"rendered":"<section class=\"wpb-content-wrapper\"><p>[vc_row padding_top=&#8220;10&#8243; padding_bottom=&#8220;0&#8243;][vc_column]\n\t<div class=\"child-page-wrapper \">\n\t\t\t<script type=\"text\/javascript\">\n\t\t\t\tjQuery(document).ready(function(){\n\t\t\t\t\t\"use strict\";\n\t\t\t\t\tjQuery(\".carousel-wrapper-69f5a9a905191\").slick({\n\t\t\t\t\t\trtl: false,\n\t\t\t\t\t\tslidesToShow: 3,\n                        autoplay: true ,\n                        autoplaySpeed: 3000 ,\n                        speed: 300 ,\n\t\t\t\t\t\tslidesToScroll: 1,\n\t\t\t\t\t\tdraggable: false,\n\t\t\t\t\t\tprevArrow: \"<span class='carousel-prev'><i class='fa fa-angle-left'><\/i><\/span>\",\n        \t\t\t\tnextArrow: \"<span class='carousel-next'><i class='fa fa-angle-right'><\/i><\/span>\",\n        \t\t\t\tresponsive: [{\n\t\t\t\t\t\t    breakpoint: 1024,\n\t\t\t\t\t\t    settings: {\n\t\t\t\t\t\t    slidesToShow: 3\n\t\t\t\t\t\t    }\n\t\t\t\t\t\t},\n\t\t\t\t\t\t{\n\t\t\t\t\t\t    breakpoint: 600,\n\t\t\t\t\t\t    settings: {\n\t\t\t\t\t\t    slidesToShow: 2\n\t\t\t\t\t\t    }\n\t\t\t\t\t\t},\n\t\t\t\t\t\t{\n\t\t\t\t\t\t    breakpoint: 480,\n\t\t\t\t\t\t    settings: {\n\t\t\t\t\t\t    slidesToShow: 1\n\t\t\t\t\t\t    }\n\t\t\t\t\t\t}]\n\t\t\t\t\t});\n\t\t\t\t});\n\t\t\t<\/script>\n\t\t<div class=\"grid-wrapper grid-3-columns grid-row carousel-wrapper-69f5a9a905191\">\n\t\t\t<div class=\"grid-item grid-sm-6 grid-md-4\">\n\t\t\t\t<div class=\"grid-thumbnail\">\n\t\t\t\t\t<a href=\"http:\/\/umvblowerdoor.de\/?page_id=37\" title=\"Objektbau \u2192 Wohnungsbau\"><img width=\"600\" height=\"300\" src=\"http:\/\/umvblowerdoor.de\/wp-content\/uploads\/2015\/02\/Wohnungsbau-600x300.jpg\" class=\"attachment-medium-thumb size-medium-thumb wp-post-image\" alt=\"\" decoding=\"async\" loading=\"lazy\" srcset=\"http:\/\/umvblowerdoor.de\/wp-content\/uploads\/2015\/02\/Wohnungsbau-600x300.jpg 600w, http:\/\/umvblowerdoor.de\/wp-content\/uploads\/2015\/02\/Wohnungsbau-400x200.jpg 400w, http:\/\/umvblowerdoor.de\/wp-content\/uploads\/2015\/02\/Wohnungsbau-800x400.jpg 800w\" sizes=\"(max-width: 600px) 100vw, 600px\" \/><\/a>\n\t\t\t\t<\/div>\n\t\t\t\t<h3 class=\"grid-title\"><a href=\"http:\/\/umvblowerdoor.de\/?page_id=37\" rel=\"bookmark\">Objektbau \u2192 Wohnungsbau<\/a><\/h3>\n\n\t\t\t\t<p>Auch die Energieeffizienz einer Eigentumswohnung wird zunehmend wichtiger.  \r\nJe nach Anforderung, sind wir in der Lage, ganze Wohnkomplexe oder einzelne Wohnungen separat von einander zu pr\u00fcfen. \r\n<\/p>\n\n\t\t\t\t<a class=\"grid-more\" href=\"http:\/\/umvblowerdoor.de\/?page_id=37\" title=\"Objektbau \u2192 Wohnungsbau\">MEHR ERFAHREN<\/a>\n\n\t\t\t<\/div>\n\t\t\t\n\t\t\t<div class=\"grid-item grid-sm-6 grid-md-4\">\n\t\t\t\t<div class=\"grid-thumbnail\">\n\t\t\t\t\t<a href=\"http:\/\/umvblowerdoor.de\/?page_id=47\" title=\"Industrie- und Gewerbebauten\"><img width=\"495\" height=\"245\" src=\"http:\/\/umvblowerdoor.de\/wp-content\/uploads\/2015\/02\/industrie-1-3.png\" class=\"attachment-medium-thumb size-medium-thumb wp-post-image\" alt=\"\" decoding=\"async\" loading=\"lazy\" srcset=\"http:\/\/umvblowerdoor.de\/wp-content\/uploads\/2015\/02\/industrie-1-3.png 495w, http:\/\/umvblowerdoor.de\/wp-content\/uploads\/2015\/02\/industrie-1-3-300x148.png 300w\" sizes=\"(max-width: 495px) 100vw, 495px\" \/><\/a>\n\t\t\t\t<\/div>\n\t\t\t\t<h3 class=\"grid-title\"><a href=\"http:\/\/umvblowerdoor.de\/?page_id=47\" rel=\"bookmark\">Industrie- und Gewerbebauten<\/a><\/h3>\n\n\t\t\t\t<p>Wir pr\u00fcfen gro\u00dfe u. mittelgro\u00dfe Industrielle Bauten aller Nutzungszwecke. Unser Messsystem bietet einen sehr breiten Anwendungsbereich. Messungen ab 20 m\u00b3\/h\u21927.500 m\u00b3\/h u. bis zu 300.000 m\u00b3\/h Geb\u00e4udevolumen sind mit uns m\u00f6glich! \r\n<\/p>\n\n\t\t\t\t<a class=\"grid-more\" href=\"http:\/\/umvblowerdoor.de\/?page_id=47\" title=\"Industrie- und Gewerbebauten\">MEHR ERFAHREN<\/a>\n\n\t\t\t<\/div>\n\t\t\t\n\t\t\t<div class=\"grid-item grid-sm-6 grid-md-4\">\n\t\t\t\t<div class=\"grid-thumbnail\">\n\t\t\t\t\t<a href=\"http:\/\/umvblowerdoor.de\/?page_id=205\" title=\"Wohn- u. Gesch\u00e4ftsh\u00e4user\"><img width=\"600\" height=\"300\" src=\"http:\/\/umvblowerdoor.de\/wp-content\/uploads\/2015\/02\/Kombinierte-Wohn-und-Gesch\u00e4ftsh\u00e4user-Titelbild-e1468761616961-600x300.jpg\" class=\"attachment-medium-thumb size-medium-thumb wp-post-image\" alt=\"\" decoding=\"async\" loading=\"lazy\" srcset=\"http:\/\/umvblowerdoor.de\/wp-content\/uploads\/2015\/02\/Kombinierte-Wohn-und-Gesch\u00e4ftsh\u00e4user-Titelbild-e1468761616961-600x300.jpg 600w, http:\/\/umvblowerdoor.de\/wp-content\/uploads\/2015\/02\/Kombinierte-Wohn-und-Gesch\u00e4ftsh\u00e4user-Titelbild-e1468761616961-400x200.jpg 400w, http:\/\/umvblowerdoor.de\/wp-content\/uploads\/2015\/02\/Kombinierte-Wohn-und-Gesch\u00e4ftsh\u00e4user-Titelbild-e1468761616961-800x400.jpg 800w\" sizes=\"(max-width: 600px) 100vw, 600px\" \/><\/a>\n\t\t\t\t<\/div>\n\t\t\t\t<h3 class=\"grid-title\"><a href=\"http:\/\/umvblowerdoor.de\/?page_id=205\" rel=\"bookmark\">Wohn- u. Gesch\u00e4ftsh\u00e4user<\/a><\/h3>\n\n\t\t\t\t<p>Wohnh\u00e4user mit integrierten Gewerbenutzfl\u00e4chen stellen nicht nur wegen ihrer Gr\u00f6\u00dfe, sondern auch wegen ihrer meist komplexen Gestaltung eine besondere Herausforderung dar. Basierend auf die jahrelange Erfahrung und das Fachwissen unserer Messtechniker, bieten wir Ihnen auch daf\u00fcr fachgem\u00e4\u00dfe, flexible und termintreue L\u00f6sungen. <\/p>\n\n\t\t\t\t<a class=\"grid-more\" href=\"http:\/\/umvblowerdoor.de\/?page_id=205\" title=\"Wohn- u. Gesch\u00e4ftsh\u00e4user\">MEHR ERFAHREN<\/a>\n\n\t\t\t<\/div>\n\t\t\t\n\t\t\t<div class=\"grid-item grid-sm-6 grid-md-4\">\n\t\t\t\t<div class=\"grid-thumbnail\">\n\t\t\t\t\t<a href=\"http:\/\/umvblowerdoor.de\/?page_id=207\" title=\"Einfamilienh\u00e4user\"><img width=\"600\" height=\"300\" src=\"http:\/\/umvblowerdoor.de\/wp-content\/uploads\/2015\/02\/Einfamilienhaus--600x300.jpg\" class=\"attachment-medium-thumb size-medium-thumb wp-post-image\" alt=\"\" decoding=\"async\" loading=\"lazy\" srcset=\"http:\/\/umvblowerdoor.de\/wp-content\/uploads\/2015\/02\/Einfamilienhaus--600x300.jpg 600w, http:\/\/umvblowerdoor.de\/wp-content\/uploads\/2015\/02\/Einfamilienhaus--400x200.jpg 400w, http:\/\/umvblowerdoor.de\/wp-content\/uploads\/2015\/02\/Einfamilienhaus--800x400.jpg 800w\" sizes=\"(max-width: 600px) 100vw, 600px\" \/><\/a>\n\t\t\t\t<\/div>\n\t\t\t\t<h3 class=\"grid-title\"><a href=\"http:\/\/umvblowerdoor.de\/?page_id=207\" rel=\"bookmark\">Einfamilienh\u00e4user<\/a><\/h3>\n\n\t\t\t\t<p>Wenn Sie sich Klarheit verschaffen m\u00f6chten, ob Ihr Eigenheim luftdicht gebaut wurde und somit vor Schimmel, Zugluft und hohen Heizkosten gesch\u00fctzt ist, dann ist eine BlowerDoor Messung genau richtig! <\/p>\n\n\t\t\t\t<a class=\"grid-more\" href=\"http:\/\/umvblowerdoor.de\/?page_id=207\" title=\"Einfamilienh\u00e4user\">MEHR ERFAHREN<\/a>\n\n\t\t\t<\/div>\n\t\t\t\n\t\t<\/div>\n\t<\/div>[\/vc_column][\/vc_row]<\/p>\n<\/section>","protected":false},"excerpt":{"rendered":"<p>[vc_row padding_top=&#8220;10&#8243; padding_bottom=&#8220;0&#8243;][vc_column][\/vc_column][\/vc_row]<\/p>\n","protected":false},"author":1,"featured_media":0,"parent":0,"menu_order":0,"comment_status":"open","ping_status":"open","template":"","meta":[],"yoast_head":"<!-- This site is optimized with the Yoast SEO plugin v21.1 - https:\/\/yoast.com\/wordpress\/plugins\/seo\/ -->\n<title>Unser Einsatzbereich - UMV BlowerDoor Messungen GmbH<\/title>\n<meta name=\"robots\" content=\"index, follow, max-snippet:-1, max-image-preview:large, max-video-preview:-1\" \/>\n<link rel=\"canonical\" href=\"http:\/\/umvblowerdoor.de\/?page_id=17\" \/>\n<meta property=\"og:locale\" content=\"de_DE\" \/>\n<meta property=\"og:type\" content=\"article\" \/>\n<meta property=\"og:title\" content=\"Unser Einsatzbereich - UMV BlowerDoor Messungen GmbH\" \/>\n<meta property=\"og:description\" content=\"[vc_row padding_top=&#8220;10&#8243; padding_bottom=&#8220;0&#8243;][vc_column][\/vc_column][\/vc_row]\" \/>\n<meta property=\"og:url\" content=\"http:\/\/umvblowerdoor.de\/?page_id=17\" \/>\n<meta property=\"og:site_name\" content=\"UMV BlowerDoor Messungen GmbH\" \/>\n<meta property=\"article:modified_time\" content=\"2022-12-25T21:01:04+00:00\" \/>\n<meta name=\"twitter:card\" content=\"summary_large_image\" \/>\n<meta name=\"twitter:label1\" content=\"Gesch\u00e4tzte Lesezeit\" \/>\n\t<meta name=\"twitter:data1\" content=\"1\u00a0Minute\" \/>\n<script type=\"application\/ld+json\" class=\"yoast-schema-graph\">{\"@context\":\"https:\/\/schema.org\",\"@graph\":[{\"@type\":\"WebPage\",\"@id\":\"http:\/\/umvblowerdoor.de\/?page_id=17\",\"url\":\"http:\/\/umvblowerdoor.de\/?page_id=17\",\"name\":\"Unser Einsatzbereich - UMV BlowerDoor Messungen GmbH\",\"isPartOf\":{\"@id\":\"http:\/\/umvblowerdoor.de\/#website\"},\"datePublished\":\"2015-02-05T10:21:11+00:00\",\"dateModified\":\"2022-12-25T21:01:04+00:00\",\"breadcrumb\":{\"@id\":\"http:\/\/umvblowerdoor.de\/?page_id=17#breadcrumb\"},\"inLanguage\":\"de\",\"potentialAction\":[{\"@type\":\"ReadAction\",\"target\":[\"http:\/\/umvblowerdoor.de\/?page_id=17\"]}]},{\"@type\":\"BreadcrumbList\",\"@id\":\"http:\/\/umvblowerdoor.de\/?page_id=17#breadcrumb\",\"itemListElement\":[{\"@type\":\"ListItem\",\"position\":1,\"name\":\"Startseite\",\"item\":\"http:\/\/umvblowerdoor.de\/\"},{\"@type\":\"ListItem\",\"position\":2,\"name\":\"Unser Einsatzbereich\"}]},{\"@type\":\"WebSite\",\"@id\":\"http:\/\/umvblowerdoor.de\/#website\",\"url\":\"http:\/\/umvblowerdoor.de\/\",\"name\":\"UMV BlowerDoor Messungen GmbH\",\"description\":\"Service mit Sicherheit \u00a9\",\"potentialAction\":[{\"@type\":\"SearchAction\",\"target\":{\"@type\":\"EntryPoint\",\"urlTemplate\":\"http:\/\/umvblowerdoor.de\/?s={search_term_string}\"},\"query-input\":\"required name=search_term_string\"}],\"inLanguage\":\"de\"}]}<\/script>\n<!-- \/ Yoast SEO plugin. -->","yoast_head_json":{"title":"Unser Einsatzbereich - UMV BlowerDoor Messungen GmbH","robots":{"index":"index","follow":"follow","max-snippet":"max-snippet:-1","max-image-preview":"max-image-preview:large","max-video-preview":"max-video-preview:-1"},"canonical":"http:\/\/umvblowerdoor.de\/?page_id=17","og_locale":"de_DE","og_type":"article","og_title":"Unser Einsatzbereich - UMV BlowerDoor Messungen GmbH","og_description":"[vc_row padding_top=&#8220;10&#8243; padding_bottom=&#8220;0&#8243;][vc_column][\/vc_column][\/vc_row]","og_url":"http:\/\/umvblowerdoor.de\/?page_id=17","og_site_name":"UMV BlowerDoor Messungen GmbH","article_modified_time":"2022-12-25T21:01:04+00:00","twitter_card":"summary_large_image","twitter_misc":{"Gesch\u00e4tzte Lesezeit":"1\u00a0Minute"},"schema":{"@context":"https:\/\/schema.org","@graph":[{"@type":"WebPage","@id":"http:\/\/umvblowerdoor.de\/?page_id=17","url":"http:\/\/umvblowerdoor.de\/?page_id=17","name":"Unser Einsatzbereich - UMV BlowerDoor Messungen GmbH","isPartOf":{"@id":"http:\/\/umvblowerdoor.de\/#website"},"datePublished":"2015-02-05T10:21:11+00:00","dateModified":"2022-12-25T21:01:04+00:00","breadcrumb":{"@id":"http:\/\/umvblowerdoor.de\/?page_id=17#breadcrumb"},"inLanguage":"de","potentialAction":[{"@type":"ReadAction","target":["http:\/\/umvblowerdoor.de\/?page_id=17"]}]},{"@type":"BreadcrumbList","@id":"http:\/\/umvblowerdoor.de\/?page_id=17#breadcrumb","itemListElement":[{"@type":"ListItem","position":1,"name":"Startseite","item":"http:\/\/umvblowerdoor.de\/"},{"@type":"ListItem","position":2,"name":"Unser Einsatzbereich"}]},{"@type":"WebSite","@id":"http:\/\/umvblowerdoor.de\/#website","url":"http:\/\/umvblowerdoor.de\/","name":"UMV BlowerDoor Messungen GmbH","description":"Service mit Sicherheit \u00a9","potentialAction":[{"@type":"SearchAction","target":{"@type":"EntryPoint","urlTemplate":"http:\/\/umvblowerdoor.de\/?s={search_term_string}"},"query-input":"required name=search_term_string"}],"inLanguage":"de"}]}},"_links":{"self":[{"href":"http:\/\/umvblowerdoor.de\/index.php?rest_route=\/wp\/v2\/pages\/17"}],"collection":[{"href":"http:\/\/umvblowerdoor.de\/index.php?rest_route=\/wp\/v2\/pages"}],"about":[{"href":"http:\/\/umvblowerdoor.de\/index.php?rest_route=\/wp\/v2\/types\/page"}],"author":[{"embeddable":true,"href":"http:\/\/umvblowerdoor.de\/index.php?rest_route=\/wp\/v2\/users\/1"}],"replies":[{"embeddable":true,"href":"http:\/\/umvblowerdoor.de\/index.php?rest_route=%2Fwp%2Fv2%2Fcomments&post=17"}],"version-history":[{"count":22,"href":"http:\/\/umvblowerdoor.de\/index.php?rest_route=\/wp\/v2\/pages\/17\/revisions"}],"predecessor-version":[{"id":5728,"href":"http:\/\/umvblowerdoor.de\/index.php?rest_route=\/wp\/v2\/pages\/17\/revisions\/5728"}],"wp:attachment":[{"href":"http:\/\/umvblowerdoor.de\/index.php?rest_route=%2Fwp%2Fv2%2Fmedia&parent=17"}],"curies":[{"name":"wp","href":"https:\/\/api.w.org\/{rel}","templated":true}]}}